e 35*t - 39*t + 10124 = 0. Is t a composite number?
False
Suppose 3*c + 958700 = 23*c. Is c prime?
False
Suppose 0 = 5*x - 2*s - 3564 - 31063, -2*x + s = -13851. Suppose -n - 2*o = -o - 1730, 4*n + 3*o - x = 0. Is n prime?
False
Let h(m) = -m**3 - 12*m**2 + 9*m - 12. Let x be h(-13). Let d be (x/28)/((-2)/(-14)). Is (5/d)/(2/1060) a prime number?
False
Suppose 0 = r - 3*s + 3, -4*s + 15 = 7. Let t be (r/(-2))/((-11)/2398). Is 4 - 1/((-1)/t) prime?
True
Let m = -1411 - -4800. Is m composite?
False
Let q(a) be the third derivative of -a**4/3 + a**3/3 - 11*a**2. Is q(-3) prime?
False
Let s be 16/12 + 4/6. Suppose 2*r + 60 = -2*w, 0 = s*w + 2*w + r + 123. Let u = w + 50. Is u a prime number?
True
Let x be 19 - 12 - (0 + 0). Suppose -x*d = -4*d - 483. Is d prime?
False
Let k be 4/5*(3 - (-1)/(-2)). Suppose 4*y + 4*i = 2*y + 294, y = k*i + 167. Is y a composite number?
False
Let h(k) = -k**2 - 4*k + 3. Let v be h(-4). Suppose v*o - 458 = -2*b, o + o = 2*b - 478. Is b a composite number?
True
Let c(i) = -3958*i**3 + 26*i**2 + 51*i + 1. Is c(-2) a composite number?
False
Suppose 91*z - 361120 - 1021261 = 0. Is z a prime number?
False
Let s be 1585*(2 + (-6)/5). Let y(u) = -3*u**2 - u + 11. Let l be y(0). Suppose -l*k = -15*k + s. Is k a prime number?
True
Let f(m) = -2*m - 12. Let g be f(-7). Suppose 0 = r - 2*d - 573, 0 = -r + 3*r - g*d - 1146. Is r composite?
True
Let g be ((-5)/(-3))/((-9)/(-27)). Let p = -4 + g. Suppose -5 = -3*h + p, 4*v = h + 1314. Is v prime?
False
Suppose -2*k = 6, 3*k = -u - 14032 + 54984. Is u prime?
True
Let f = 1204 + 719. Is f prime?
False
Let r(k) be the second derivative of 11*k**4/6 + 3*k**2/2 + 3*k. Let p(u) = -u**2 + 7*u + 15. Let b be p(9). Is r(b) composite?
True
Is (-3 - (-1058)/2)/((-90)/(-1665)) a prime number?
False
Let f(g) = g**3 + 7*g**2 + 6*g + 5. Let i be f(-6). Is (597 - -1)/(i/(-1) + 7) composite?
True
Suppose 3*k = -2*f + 23305, -2*f = -11*k + 9*k - 23320. Is f composite?
False
Let j be (-36)/(-234) - 56/26. Let a(n) = -143*n + 7. Is a(j) composite?
False
Let a = -7 + 8. Suppose -4*s = 43 + a. Let r = -7 - s. Is r prime?
False
Suppose 0 = -7*i - 20 - 15. Let u(n) = -3*n - 11. Let v be u(i). Suppose -v*f + 329 = -179. Is f a composite number?
False
Suppose 5*y - 31 + 91 = 0. Let o(w) = -w**2 - 11*w + 15. Let f be o(y). Suppose f*b + 0*b - 273 = 0. Is b composite?
True
Let z be -1*13*1592/(-8). Suppose -2567 = -3*f + z. Is f a composite number?
True
Suppose 79*l + 10831 = 80*l. Is l a prime number?
True
Is 8 - 13/((-13)/98) a composite number?
True
Let k(w) = 440*w**2 + 3*w + 2. Let y be k(-1). Let n = y + -238. Is n composite?
True
Let r be 8*(-1 + 2) - (21 + -17). Let u(l) = 21*l**2 - 2*l - 2. Let y be u(5). Suppose -r*m + f = 6*f - y, -4*f + 639 = 5*m. Is m prime?
True
Let h(v) = v + 3. Let f be h(-5). Let j be (f - -13)*31 - 1. Let b = j - 197. Is b a prime number?
False
Let j(z) = z**3 - 2*z**2 + 1. Let v(f) = -2*f + 11. Let u be v(6). Let s be j(u). Is (158/(-6))/(s/6) a composite number?
False
Suppose 9*t = -6*t + 64905. Is t a composite number?
False
Suppose 3*m + 3*m - 3978 = 0. Suppose 4*p = 4*r - 1156, 73 = -2*r - p + m. Is r a composite number?
False
Let o(u) = 12*u + 34. Suppose v + 11 = -2*k + 3*k, -3*k + 5*v = -41. Is o(k) a composite number?
True
Let w = 1309 - -514. Is w a prime number?
True
Let t(p) = -6*p**2 - 2*p + 2. Let w be t(1). Let z be ((-141)/w)/(3/(-12)). Let q = 117 - z. Is q a composite number?
False
Let h(g) = g**3 - g**2 + 2*g - 2. Let a be h(2). Suppose w - 92 = -a*s + 4*s, 0 = 2*w - 8. Is (-53)/(s/(-14) - -3) a composite number?
True
Let z be 1/2 - (-665)/(-2). Let l = z + 567. Is l prime?
False
Suppose c + 4 = 5*s - 0*c, -4*c = -3*s - 1. Let m(w) = -57*w + 13*w + s - 2. Is m(-10) a prime number?
True
Let a be -1 + 20/5 + -109. Let g = 443 + a. Is g a composite number?
False
Let u(k) = 107*k**2 - 12*k + 13. Is u(6) prime?
True
Let z = 707 - -100. Suppose -j + 1111 = -z. Suppose 2*n + 639 = p, 6*n = 3*p + n - j. Is p a composite number?
False
Suppose -2*r = 5*r - 11473. Is r composite?
True
Is (0 + (-2412)/(-24))/((-6)/(-1532)) a composite number?
True
Let l(w) = -w**2 - 6*w + 3. Let m = -11 - -4. Let x be l(m). Is 0/1 - x - -51 composite?
True
Let f(n) = -195*n**3 - 2*n**2 + 10*n + 17. Is f(-3) composite?
True
Let z = 84 - 84. Suppose z = -7*y + 8*y - 419. Is y a composite number?
False
Suppose -2*s + 387 = 103. Let q = s + 24. Is q a prime number?
False
Suppose 5*i = -3*v + 68, v - 1 = -5*i + 65. Let c(l) = l**2 - 14*l + 16. Let h be c(i). Suppose -h*g + 72 = -27. Is g a prime number?
False
Suppose 0 = 4*w + 4, -5*d - 3*w = -w - 368. Let k = -12 + d. Suppose 2*c - 44 = k. Is c prime?
True
Let q(c) = 10*c**3 - 10*c**2 - 2*c - 2. Let h be q(-4). Let p = h + 2295. Is p a composite number?
True
Let k(h) = 3*h**3 - 8*h**2 + 14*h + 5. Let u be 1 + (51/9 - 4/6). Is k(u) a prime number?
True
Is -139*((-12)/6 - 9) a prime number?
False
Let b = 3996 - 2774. Let a = b + -581. Is a a prime number?
True
Suppose 3*y - 3*g - 21372 = 0, -3*g - 5516 = 3*y - 26882. Is y composite?
True
Suppose 113 = 6*w - 5*w + 2*m, 3*w = -m + 329. Is w composite?
False
Suppose -u = h + 2*h - 13, 5*h = -u + 25. Let s be (-668)/14 - h/21. Let p = 67 + s. Is p composite?
False
Let u = 8 + 1. Suppose c + u = 4*c. Suppose -c*o + 2*r = -590 - 655, 1640 = 4*o + 4*r. Is o composite?
True
Is (-1)/(10 - 9) - (1 + -49011) prime?
True
Let t = 11 + -156. Let m = t - -296. Let n = -100 + m. Is n a prime number?
False
Let u = 7 - -2800. Is u a composite number?
True
Suppose -p = 13*p - 13202. Is p prime?
False
Suppose -4*n + 3395 = -0*u - u, -2*n - 13634 = 4*u. Let q = 7702 + u. Is q prime?
False
Suppose 0 = 6*p - 2*p + 20. Is (-5 + 1 - p) + 492 a composite number?
True
Let p(i) = -i**2 + i + 2. Let q be p(0). Let y = q - -2. Suppose -y*d - 4*r = -328, -3*d + 2*r = 3*r - 252. Is d a prime number?
False
Let a(n) = -4*n**3 - 5*n**2 + 12*n - 61. Is a(-14) prime?
True
Suppose -5*t + 0*t = -5*m + 15, -3*t + 5*m - 19 = 0. Suppose -t*h + 127 = -h. Is h prime?
True
Let u be 18/4*(-2)/(-3). Let w be u + 6 + 3/1. Is (-1514)/(-6) + w/18 a composite number?
True
Let k be (9 - -388) + (-2)/(-1). Suppose -4*s - 3*s = -k. Is s prime?
False
Let q be (-7 + 115)*5/2. Suppose -176 = -b + q. Suppose -3*h = -h - b. Is h composite?
False
Let c = -105 - 425. Let o = c + 1159. Is o a composite number?
True
Is 403144/72 - (-2)/(-9) prime?
False
Let x(p) = -p**3 + p**2 - p + 1. Suppose -3*f + 2 = 2*a + 3, -f = 1. Let t be x(a). Suppose t = -3*o + 6*o - 99. Is o a prime number?
False
Let m(w) = -w**2 + 5*w - 4. Let x be m(3). Suppose -z - 4 = -x*z - 3*g, 0 = z + g - 2. Is z/(4/5944*2) a composite number?
False
Suppose -2*y = 3 + 7, 5*y - 26 = -3*o. Suppose o - 5 = 3*m. Suppose 455 = 4*b - 5*v, 5*b - 394 = -m*v + 185. Is b composite?
True
Suppose 0*f = -5*h + 3*f - 205, -2*h - 98 = 2*f. Let s = -113 - h. Is -14*s/12*2 a composite number?
True
Let y = -383 - -9244. Is y prime?
True
Let b(r) = 14*r**2 + 9*r - 4. Let p(x) = x - 1. Let m(u) = -b(u) + 5*p(u). Let y be m(4). Let d = 57 - y. Is d a prime number?
False
Suppose -5*n + 2*y + 16 = 0, 3*n - 3*y + 0*y = 6. Suppose 0 = -n*u - h - 3*h + 168, 5*u + 4*h - 205 = 0. Is u a prime number?
True
Is (-31)/((-2170)/563808) + 4/(-10) composite?
True
Is 2/(16/24580) + 3/6 a prime number?
False
Suppose -p + a + 20477 = 0, 20481 = p - 16*a + 14*a. Is p a prime number?
False
Suppose 0 = -4*u + 2*u. Suppose u = -5*n + 4*n + 45. Suppose -2*c + 5*c - n = 0. Is c prime?
False
Let b = 38 - 47. Let h(k) = -k**3 - k**2 - 7*k - 10. Is h(b) prime?
True
Let m(v) = -19 - 4*v - 4*v + 6. Suppose 4*k + 31 = -4*o + 5*o, -2*k = -2*o + 8. Is m(k) composite?
False
Is -10213*((-6)/42 - 0) a composite number?
False
Let h(s) = s**2 - 18*s - 48. Let u be h(21). Suppose u*p = 5774 + 1396. Is p a prime number?
False
Let p be 1561 + ((-1)/1 - -3). Suppose 9*r + p = 12*r. Is r a prime number?
True
Let b(j) = -j**3 - 4*j**2 - 3*j - 4. Let h(u) = u. Let q be h(-3). Let m be b(q). Is (-9 + (0 - m))*-13 prime?
False
Suppose 0 = 2*k - 2*c - 22, -3*k - 2*c + 11 = -22. Let s(i) = -i**2 + 12*i - 13. Let a be s(k). Is 582 + (-1 - a)/1 a composite number?
True
Let y be (-3 - -21)*1/(-2). Let r = 300 - y. Is r a composite number?
True
Let j